2). Suppose 5*o + l - 6 - i = 0, 3 = o - 5*l. Suppose 2*b - o = 3. Calculate v(b).
-2
Let o(v) = 22*v - 17*v - 2*v**2 - 5 - 2 + 5. Let h(t) = t**3 - 2*t**2 - 2*t. Let f be (2 - (2 - 1))*3. Let i be h(f). Calculate o(i).
-5
Let k(g) be the first derivative of g**2/2 - g - 1. Let s = -25 - -19. Determine k(s).
-7
Suppose 0 = -4*i + 2*j - 24, -2*i - 11 = 4*j + 1. Let z(t) be the third derivative of t**6/120 + t**5/12 - 5*t**4/24 - t**3/3 - 4*t**2. Calculate z(i).
-8
Let k(i) = 1 - 5 - 3 + 4. Let p(z) = -z**2 - 11*z - 23. Let d be p(-6). Let r(n) = n - 8. Let l(h) = d*k(h) - 2*r(h). Calculate l(4).
-13
Let v(b) = 18 - 10*b**2 - 5 - 21*b + 11*b**2 + 30. Give v(19).
5
Let b(m) = -4*m**3 - 5*m**2 + 2*m + 5. Let z(i) = i**3 + i**2 - 1. Let l(f) = -b(f) - 3*z(f). Suppose 2*j - 7 = 11. Let o = 6 - j. Determine l(o).
-5
Let n(i) = 2*i - 1. Suppose -7*c - 20 = -34. Give n(c).
3
Let k(l) = 4*l + 4*l - l. Let w = 38 - 36. Suppose -w*f - 4*x = -2, 0 = -f + 3*f - 5*x - 2. Determine k(f).
7
Let x(q) = -q**3 + 4*q**2 - q - 2. Suppose 3*i - 15 + 6 = 0. Let c be x(i). Let o(l) = c*l + 2*l**2 + 2*l**2 + 5 - l**2 - 4*l**2. Give o(4).
5
Let h(d) = -d**3 + 268 + 2*d**3 - 267 - 4*d**2. What is h(5)?
26
Let j(p) = 20*p**2 - p. Suppose -5*g + 175 = i, 2*g - 4*i - 97 = i. Let f = 37 - g. Determine j(f).
19
Let q(j) = j**2 - 12*j + 1. Let c(r) = 2*r**2 - 22*r. Let b(d) = -3*c(d) + 5*q(d). What is b(5)?
10
Let f(o) = 9*o + 1. Let s be f(1). Suppose 5*z - 44 = -9. Let t = s - z. Let l(x) = x**3 - 3*x**2 + 2. Calculate l(t).
2
Let n(y) = -19*y**3 + 2*y**3 + 9*y**3 - 2*y**2 + 2*y + 9*y**3. Give n(2).
4
Let m(u) be the third derivative of u**6/360 + u**5/30 - 17*u**4/24 + 9*u**2. Let i(n) be the second derivative of m(n). What is i(-3)?
-2
Let z(r) = 8*r + 11. Let x(f) = -17*f - 23. Let c(v) = 6*x(v) + 13*z(v). What is c(-5)?
-5
Suppose -32*m + 36*m = 8. Let b(s) = 7 - s + 0*s + s**m - s - 6*s. Determine b(5).
-8
Let z(l) = 24*l - 7. Let p(v) = -11*v + 3. Let s(t) = 13*p(t) + 6*z(t). What is s(11)?
8
Suppose -3*p + 16 = 6*z - 8*z, 0 = -5*z - p - 40. Let o(b) = -b**3 - 9*b**2 - 9*b - 9. Determine o(z).
-1
Let o(d) = 34*d**2 - 5*d**2 - 17 + 12*d - 8*d**2 - 9*d**2 - 13*d**2. Determine o(10).
3
Let y be (30/105)/(-4*2/(-224)). Let i(t) = t - 11. What is i(y)?
-3
Let i(l) = -2*l + 7. Let d(b) = -2*b**2 + 17*b - 15. Let m be d(8). Give i(m).
21
Let a(h) = -h**3 + 8*h**2 + 9*h + 2. Let l be a(9). Suppose -l*j - 33 + 39 = 0. Let r(t) = 2*t**2 - 3*t + 2. What is r(j)?
11
Let k(m) = -m - 4. Suppose -12 = -g - g - 2*l, -5*l + 21 = 2*g. What is k(g)?
-7
Let a(i) = 0*i - 2 + 10*i**2 - 8*i**2 - 2*i + 5*i**2. Let v(l) = 217*l**2 - 63*l - 63. Let g(h) = 63*a(h) - 2*v(h). Calculate g(1).
7
Let s(t) = -t**2 + 4*t + 4. Let i = 51 - 52. Let r(c) be the second derivative of -7*c**3/6 - c**2/2 + c. Let g be r(i). Give s(g).
-8
Let w(t) = -t**2 + 7*t + 9. Let p be 3*(0 - (-3)/(-6))*-6. Determine w(p).
-9
Suppose 2*j = j + 4. Let p be 0 + (-4 + 0)/(-2). Let a(m) = 2*m + m**2 + j*m**p - 2*m**2. Calculate a(-2).
8
Let t(j) be the second derivative of -j**4/6 + 17*j**3/6 - 9*j**2/2 + 2*j - 4. Determine t(8).
-1
Let o(k) be the third derivative of k**5/60 + k**4/3 - k**3/3 - 16*k**2. Let f(p) be the first derivative of o(p). Give f(-7).
-6
Let r(o) be the third derivative of -o**4/24 - 3*o**3/2 - 16*o**2. What is r(-10)?
1
Let y(d) = 7*d**2 - d + 7. Let m(z) = -9*z**2 - 7. Let s(q) = -4*m(q) - 5*y(q). Let h = 2 - 2. Let t be 0 + h + 2 - 8. Calculate s(t).
-1
Let x(i) = -i**3 - 7*i**2 - 4*i + 5. Let b(u) = 2*u - 10. Let y be b(7). Suppose 3*a - 5 = -4*f, -2*a = -y - 2. Let z be (-6 - 0) + 0/f. Calculate x(z).
-7
Let r be (-1*1/3)/(18/(-9)). Let h(o) be the second derivative of -r*o**3 - 9/2*o**2 - o + 0. What is h(-6)?
-3
Let f = -11 + 12. Let y(l) = 3 + 11*l + 7 - 1 - 8. Give y(f).
12
Suppose -4*l - 77 = 5*r, l - 20 = -r - 38. Let k(a) = -4*a + 4. Calculate k(l).
56
Let b(g) = g**2 + 15*g - 11. Let c(q) = -4*q + 4. Let x(k) = -b(k) - 3*c(k). Let i = 3 + 9. Suppose 5*w = w - i. Determine x(w).
-1
Let v(f) = -28*f + f**2 + 27*f - 4 + 0 + 2. Determine v(-2).
4
Let z(a) = a**2 + a. Let n = 44 + -44. Suppose 3*j + 15 = 5*d + 2, -j - 4*d + 7 = n. Determine z(j).
0
Let c = -7 - -7. Let s(k) = c - 4 + 3. Let z(q) = q + 6. Let a(d) = 5*s(d) + z(d). Give a(-6).
-5
Let h(r) = -r**3 + 5*r**2 - 5*r + 4. Let d be (76/(-8) - -9) + (-2)/(-4). Suppose d = -5*k - 51 + 76. What is h(k)?
-21
Suppose -5*f - 400 = -m - 2*m, 2*f + 181 = -3*m. Let b = 83 + f. Let c(q) = -q**2 - q. What is c(b)?
0
Let p(r) be the third derivative of r**6/120 + r**5/60 - r**4/12 + r**3/3 + 165*r**2. Give p(-3).
-10
Suppose 1 + 1 = -2*t. Let k be t/(-3) + (-136)/(-24). Let u(m) = m**3 - 7*m**2 + 6*m - 6. What is u(k)?
-6
Let k(z) = 16 - 4 - 5 + 14*z - 17 - 6*z. Give k(7).
46
Suppose -4*p + o = -15, p + 10*o = 8*o + 15. Let z(a) = a**2 + a + 1. Let c(w) = 2*w**2 + 7*w + 8. Let x(j) = c(j) - 3*z(j). Calculate x(p).
0
Let s(z) be the second derivative of -z**3/3 - 5*z**2/2 + 165*z. Determine s(4).
-13
Let i(f) be the third derivative of 3*f**2 + 0*f + 1/30*f**5 + 0 + 0*f**4 + 0*f**3. Determine i(-2).
8
Let z(q) = 19*q**2 - 14*q - 16. Let i(l) = 22*l**2 - 16*l - 16. Let b(t) = -6*i(t) + 7*z(t). Determine b(5).
-1
Let z(h) = -6 + 6*h + 4 - 4*h. Let j be (-1 + 0)/(6/(-24)). Suppose 5*u - w = -15, 3*w = j*u + u + 25. Determine z(u).
-6
Let s(m) = 2*m - 41. Let d(y) = 2*y**3 - 6*y**2 - 17*y + 4. Let r be d(5). Give s(r).
-3
Let h(m) = -18*m**2 - 9*m + 4. Let r(y) = 3*y**2 + y - 1. Let q(a) = h(a) + 7*r(a). Determine q(3).
18
Let p(j) = -11*j**3 - 5*j**2 - 23*j + 12. Let w(k) = 9*k**3 + 4*k**2 + 20*k - 11. Let c(y) = 5*p(y) + 6*w(y). Determine c(3).
-27
Let r = 26 - 14. Let k(l) = -8 + 5*l + l**3 + 3*l + 9*l + 7*l**2 - r*l. Give k(-6).
-2
Let s(m) = 2*m**2 - m - 1. Let c = 8 - 19. Let i be (c - -1)/5 + 0. Give s(i).
9
Let c(d) be the first derivative of -d**3/3 + 5*d**2/2 - 6*d + 83. Give c(5).
-6
Let n(h) be the third derivative of h**4/8 + h**3/2 + 3*h**2. Let t be n(-3). Let g(v) = -4 + 6 + 2*v + 2. What is g(t)?
-8
Let s(b) = -b**3 - 3*b**2 + 5*b - 3. Let a(l) = l**3 + 2*l**2 - 8*l + 3. Let z be a(-4). Suppose 4*g + k + 11 = 2*g, -z*g = 4*k + 24. Calculate s(g).
-7
Let z(t) be the second derivative of -2*t**3/3 - 21*t**2/2 + 13*t. Let j be z(-6). Suppose -2*s = -15 + j. Let k(i) = -i**2 + 8*i - 5. Determine k(s).
7
Let d(r) be the second derivative of -r**3/6 + r**2/2 + 3*r + 694. Suppose 5*l - 4*o - 9 = 0, -2*l - 6 = -5*o + 4. Give d(l).
-4
Let z(k) = k**2 - 13*k + 14. Let q be z(12). Suppose -5*n - 30 = 2*c, 5*c = q*n - 0*n - 17. Let w(l) = -2*l - 6. What is w(n)?
2
Let l(y) be the second derivative of -2*y**2 + 0 - 1/12*y**4 + 22*y + y**3. Calculate l(5).
1
Let k be 3/7 - (76/7)/2. Let m(b) = 3*b**2 - b**3 - 6*b**2 + 4 - 5*b**2 - 5*b + 2*b**2. Determine m(k).
4
Let h(l) = 5*l. Let f(v) = v**2 + 9*v - 7. Let d be f(-10). Suppose d*q + 46 = 43. Determine h(q).
-5
Suppose -2*f + 12 = f. Suppose f*j - 17 = n, -3*n + 2*n = 3*j - 11. Let m(k) = -4*k + 0*k - 1 + 3*k + j*k. Give m(-1).
-4
Let a(g) = 2*g**3 - g + 10466 - 10470 - 2*g**2 + g**2. Determine a(3).
38
Suppose -36 = -94*h + 82*h. Let m(r) = -r**2 + 3*r + 1. Determine m(h).
1
Let u(v) = 5*v**2 - 2*v - 8. Let q(n) = 8*n**2 - 2*n - 16. Let k(p) = -3*q(p) + 5*u(p). Calculate k(7).
29
Let n(q) = -q**3 + 7*q**2 - 5*q + 6. Suppose -28*p - 30 + 170 = 0. What is n(p)?
31
Suppose -83*k = -105*k + 44. Let n = -7 - -2. Let p(h) = h**3 + 2*h**2 + 2*h + 6. Let z(d) = -d**3 - d**2 - 2*d - 5. Let m(b) = n*z(b) - 4*p(b). Give m(k).
1
Let w(y) = 5*y**2 - y**2 + 7*y - 5 - 5*y**2. Let c = -78 + -18. Let g be (-4)/12 + c/(-18). What is w(g)?
5
Let c(x) = -x**3 - 6*x**2 - x - 5. Let g be c(-6). Let i(f) = -4*f + 2*f + g + 3*f. Give i(3).
4
Let s(a) be the first derivative of 5/2*a**2 - 14 - 3*a. Give s(2).
7
Let z = 425 + -429. Let n(k) = -2*k**2 - 4*k - 6. Give n(z).
-22
Let s(m) = -m. Let f(z) = z**3 + 4*z**2 + 2*z + 1. Let c be f(-3). Let b = 8 - c. Let i = b - 3. What is s(i)?
-1
Suppose -4*f + 4 = -4*j - 9*f, 2*j + 4 = -3*f. Suppose -r + j + 2 = 0. Let o(w) = -2*w - 6. Give o(r).
-18
Let a(k) = -k - 2. Let d = 2 + -27. Let j = d + 21. Give a(j).
2
Suppose 11*v - 6*v - 10 = 0. Let d(b) = 3 - v*b + 0*b + b - 2*b